91)*2/4. Suppose -5*q - 10 = -d. Calculate the remainder when q is divided by r(-4).
18
Let a(f) = -f**3 + 3*f**2 + 6*f + 6. Let p be a(6). Let d = -93 - p. Calculate the remainder when (-426)/(-27) - 6/d is divided by 6.
4
Let c = 26 - 37. Let b(p) = -p - 3. Calculate the remainder when b(c) is divided by 3.
2
Suppose -4*i - 5*p + 4 = 0, 2 = -3*i - 3*p - 2*p. Let s = i - -9. Suppose b - 4 - 23 = 0. What is the remainder when b is divided by s?
12
Let c = 29 + -16. Let f = 24 - c. What is the remainder when 19 is divided by f?
8
Suppose -20*p = 497 - 1337. What is the remainder when 165 is divided by p?
39
Let w = -3 + 6. Suppose 21*s - 32*s + 22 = 0. What is the remainder when w is divided by s?
1
Let y(v) = 21*v**2 + v. Let k be y(2). Suppose 0 = -3*w - 59 + k. What is the remainder when 5*(-2)/((-2)/3) is divided by w?
6
What is the remainder when 3056/(-48)*(-6 - -3) is divided by 22?
15
Suppose 5*y + 0 = 60. Suppose -r + 3*r - 180 = -2*x, -480 = -5*r + x. Let g = r - 49. What is the remainder when g is divided by y?
10
Suppose z - 100 = -95. Suppose -176 = a - z*a. Calculate the remainder when a is divided by 23.
21
Suppose -2*j + 177 = 3*i - 123, 3*j = 0. Calculate the remainder when i is divided by 35.
30
Let a = -19 - -6. Let j = 64 + a. What is the remainder when j is divided by -4*(-11 - -4) + 4/(-2)?
25
Suppose -7*g = -5*g - 4. Let k(m) = 7*m**2 + 4*m**g - 10*m**2. What is the remainder when k(9) is divided by 28?
25
Suppose -4*h + 3*h = -28. Calculate the remainder when (-8)/h + (-3090)/(-35) is divided by 15.
13
Let f(c) = -c**3 - 2*c**2 + 14*c - 3. What is the remainder when 169 is divided by f(-6)?
55
Calculate the remainder when 108 is divided by (-20)/190 + 1258/38 + -3.
18
Suppose 0 = -5*m - 4*x + 101, -2*x + 7 = -1. Suppose 3*t - 15 = 12. Calculate the remainder when m is divided by t.
8
Suppose -2*s = 4*u - 110, -5*s = 5*u - 0*u - 285. What is the remainder when 404 is divided by s?
50
Let i = -5 + 20. Suppose -4*s - h = -3*s - 18, -3*h - i = 0. Suppose -r + 2*g - 9 = -2*r, -2*r + g + s = 0. What is the remainder when r is divided by 6?
5
Suppose 46 = 12*y - 182. Calculate the remainder when 1138 is divided by y.
17
Suppose 0 = -16*i + 19*i - 18. Suppose -i*z + 6 = -78. Calculate the remainder when 67 is divided by z.
11
Let t(w) = 15*w**2 - w. Let u be (15/(-6) - -1 - -1)*-2. What is the remainder when t(u) is divided by 6?
2
Suppose -11 = 5*c + 9. Let a be 0 + (-1 - c) - -2. Suppose g - 4*g = t - 42, -156 = -a*t + 3*g. What is the remainder when t is divided by 17?
16
Let h = 37 - -1458. What is the remainder when h is divided by 11?
10
Suppose 5*i = 5*u + 45, 6*i + 17 = 4*i - 5*u. Calculate the remainder when (-9)/(-36) - (-463)/i is divided by 15.
11
Suppose -2*n = n - 12. Suppose t + n = 15. Let y(h) = -h**3 + 3*h**2 + 5*h + 3. What is the remainder when y(-3) is divided by t?
9
Let y be (14/8)/(7*(-5)/(-1120)). Suppose y*i = 53*i + 39. What is the remainder when i is divided by 8?
5
Let i = 18 - 13. Calculate the remainder when 90/7 - 6/7 is divided by i.
2
Let h = -113 + 164. Calculate the remainder when 11/(-1 + (-24)/(-23)) is divided by h.
49
Suppose 3*m - 3*f - 36 = -9, 7 = -2*m - 3*f. Suppose 122 + 90 = m*v. What is the remainder when v is divided by (-120)/(-80)*(-56)/(-6)?
11
Let r = -306 - -369. Calculate the remainder when 145 is divided by r.
19
Let a = 38 + 142. Suppose -8*c + 4*c = 5*x - 221, -4*c + a = 4*x. What is the remainder when x is divided by 245/(-15)*30/(-35)?
13
Let g be 1 - (4 + -2 + -3). Suppose k = -g*k + 12. Calculate the remainder when 78 is divided by (12/(-10))/(k/(-90)).
24
Let a(m) = 5*m**2 - 18*m - 28. Calculate the remainder when a(9) is divided by 27.
26
Suppose 0 = -16*t + 15*t + 126. What is the remainder when t is divided by 43?
40
Suppose 0 = -4*x + 16 + 32. Suppose -3*p + 114 + 135 = 0. What is the remainder when p is divided by x?
11
Suppose w + 4*w = -30. Let u be 75/10*(-40)/w. Suppose 0*d - 2*v = 5*d - 62, -4*d = 2*v - u. Calculate the remainder when 46 is divided by d.
10
Suppose 4*l - 221 = -3*r + 2*r, 2*l - 613 = -3*r. What is the remainder when r is divided by -49*(-28 + 27) - (7 + 1)?
37
Suppose 28 + 77 = 5*w. Let z = w + -32. Let d = z + 30. Calculate the remainder when 54 is divided by d.
16
Let t = 129 - 51. Let h be 4/6 - (0 - (-304)/(-12)). Suppose -p - 6 = -h. What is the remainder when t is divided by p?
18
Let c(n) = -n**2 + 16*n - 24. Let o = 193 - 122. What is the remainder when o is divided by c(12)?
23
Let t(a) = -34*a. Suppose 2*q = -2*n + 4*q - 8, -5*q = 4*n - 11. Let y = -9 - -16. What is the remainder when t(n) is divided by y?
6
Suppose 16 = 4*t, 2*t = -3*v + 5*v - 6. Let h be v/(4/4) - -4. Let u(n) = n**3 - 11*n**2 + 3*n - 16. What is the remainder when u(h) is divided by 9?
8
Let n = 0 - -4. Let c be (-1265)/5*(-1 + 0). Suppose 2*p + a - 186 = -p, 3*a - c = -n*p. What is the remainder when p is divided by 16?
13
Let q(z) = 2*z + 5. Calculate the remainder when 126 is divided by q(57).
7
Let j = -33 + 35. Suppose 0 = 4*l + 3*q - 88, 2*q - 24 = -j*l + 20. What is the remainder when 107 is divided by l?
19
Let d(y) = 16*y - 61. Suppose -4*i + 9 = -11. What is the remainder when d(i) is divided by 5?
4
Let p = 460 - 446. Let b(g) = -17*g - 4. Suppose -5*k - 20 = -k. What is the remainder when b(k) is divided by p?
11
Suppose 162 + 46 = 13*i. What is the remainder when 1389 is divided by i?
13
Let z(p) = -p**3 - 2*p**2 + 2. Let w be z(-2). Suppose -w*x - 2*x - 2*y = -10, y - 1 = 0. Calculate the remainder when 6 is divided by x.
0
Suppose -5*l - 5*y + 4 = -11, 3*l + 4*y - 11 = 0. What is the remainder when 6 + 30/5 - 4 is divided by l?
0
Let l be -1 + -3*16/3. Let w = l - -32. Calculate the remainder when 43 is divided by w.
13
Let r = -31 + 94. Calculate the remainder when 103 is divided by r.
40
Suppose l + 3*s - 100 = 56, 5*l - 715 = -2*s. What is the remainder when l is divided by 36?
33
Let h = -22 - -56. Suppose 4*t - 68 = -4*s, -3*s - 5*t + h + 17 = 0. What is the remainder when 201 is divided by s?
14
Let z be 3 + (-3)/(-3 + 4). Suppose 5 = -5*c + 5*d, 2*c + z*c - 3*d + 4 = 0. What is the remainder when c is divided by 1?
0
Let h = -1192 + 1460. What is the remainder when h is divided by 45?
43
Let y(n) = -n**2 + 17*n + 49. Let h(u) = -9*u - 5. Calculate the remainder when y(18) is divided by h(-3).
9
Suppose -92 = s - 97. What is the remainder when 73 is divided by (s + -10)*((-1)/1 - 2)?
13
Suppose -p + 0 = -20. Calculate the remainder when 71 is divided by p.
11
Let s = -101 - -110. Let h(t) = -2*t - 6. Suppose -r = 3*v + 10, 2*v - r - 2 = 3*v. What is the remainder when s is divided by h(v)?
1
Suppose 4*r = 4*l - 15 - 17, -l + 4*r = 4. Let x = l + -6. Calculate the remainder when x is divided by 3.
0
Suppose f - 1207 = -5*u, 7*u = 2*u - 5*f + 1195. Calculate the remainder when u is divided by 9.
8
Let m be 1*(-5 - (-4 + 52)). Let c = m + 62. Calculate the remainder when c is divided by 4.
1
Let y = -343 + 540. What is the remainder when y is divided by 25?
22
Let b(d) = d**2 + d - 6. Let x(t) = -2*t**2 - t + 9. Let w(g) = -8*b(g) - 5*x(g). Suppose 3*y + 2 = 8. What is the remainder when w(2) is divided by y?
1
Suppose -p = 2*p + 66. Let n = 45 + p. What is the remainder when n is divided by 12?
11
Suppose y - 3*r = -22, 0 = -4*y + 3*r - 42 - 10. Let d = 12 + y. Let o = d - -21. What is the remainder when 67 is divided by o?
21
What is the remainder when 167 is divided by 64/112*(-119)/(-2)?
31
Suppose -13 = -5*z + 2. Suppose -2*j - 2*f = -z*f - 10, 23 = 5*j - 3*f. Suppose -4*g = -18 + 6. Calculate the remainder when j is divided by g.
1
Calculate the remainder when 19 is divided by 132/(-9)*9/(-12).
8
Let n(c) = 7*c**2 + c - 1. Let r be n(1). Let z = 14 - r. What is the remainder when z is divided by 4?
3
Let c(q) = 9*q - 23. Let d(o) = 8*o - 24. Let i(r) = 3*c(r) - 4*d(r). What is the remainder when i(3) is divided by 10?
2
What is the remainder when 366/(-305)*110/(-3) is divided by 5?
4
Let n = 486 - 467. What is the remainder when 244 is divided by n?
16
Let k = 39 - 23. What is the remainder when (-20)/6*90/((-5)/1) is divided by k?
12
Suppose 6 + 34 = 5*r. Let p(b) = b + 3. What is the remainder when 42 is divided by p(r)?
9
Suppose